{"id":259,"date":"2014-12-15T20:30:50","date_gmt":"2014-12-15T20:30:50","guid":{"rendered":"http:\/\/www.elri.ch\/?page_id=259"},"modified":"2022-02-01T10:27:36","modified_gmt":"2022-02-01T10:27:36","slug":"histoire","status":"publish","type":"page","link":"https:\/\/www.elri.ch\/fr\/entreprise\/histoire\/","title":{"rendered":"Historique"},"content":{"rendered":"<p><strong>Aujourd\u2019hui<br \/>\n<\/strong>Avec ses plus de 50 collaborateurs, Elri AG fait partie des principaux producteurs et fournisseurs europ\u00e9ens de syst\u00e8mes d&rsquo;isolation de tuyaux.<\/p>\n<p><strong>2022<br \/>\n<\/strong>Elri AG peut f\u00eater ses 60 ans.<\/p>\n<p><strong>2021<br \/>\n<\/strong>Restructuration d&rsquo;Elri AG avec int\u00e9gration de la troisi\u00e8me g\u00e9n\u00e9ration dans l&rsquo;entreprise.<\/p>\n<p><strong>2019<br \/>\n<\/strong>Outre la chaleur provenant de la nappe phr\u00e9atique (pompe \u00e0 chaleur sol-eau), le soleil fournit une grande partie de nos besoins \u00e9nerg\u00e9tiques via une installation solaire de 1&rsquo;300 m2 pour une production durable.<\/p>\n<p><a href=\"https:\/\/www.elri.ch\/wp-content\/uploads\/\/20191119_Luftaufnahme_Anzeigebild-300x186.jpg\" data-rel=\"lightbox-image-0\" data-rl_title=\"\" data-rl_caption=\"\" title=\"\"><img loading=\"lazy\" decoding=\"async\" class=\"size-medium wp-image-4580\" src=\"https:\/\/www.elri.ch\/wp-content\/uploads\/\/20191119_Luftaufnahme_Anzeigebild-300x186.jpg\" alt=\"\" width=\"300\" height=\"186\" srcset=\"https:\/\/www.elri.ch\/wp-content\/uploads\/20191119_Luftaufnahme_Anzeigebild-300x186.jpg 300w, https:\/\/www.elri.ch\/wp-content\/uploads\/20191119_Luftaufnahme_Anzeigebild.jpg 420w\" sizes=\"auto, (max-width: 300px) 100vw, 300px\" \/><\/a><\/p>\n<p><strong>2018<\/strong><br \/>\nAcquisition d&rsquo;une installation de d\u00e9poussi\u00e9rage pour les coquilles PIR. D\u00e9sormais, nos coquilles PIR quittent la production pratiquement sans poussi\u00e8re.<\/p>\n<p><strong>2017<\/strong><br \/>\nNos produits en PIR et PVC re\u00e7oivent le label de l&rsquo;association ecobau.<\/p>\n<p><img loading=\"lazy\" decoding=\"async\" class=\"alignnone wp-image-5715\" src=\"https:\/\/www.elri.ch\/wp-content\/uploads\/\/eco1-300x300.png\" alt=\"\" width=\"60\" height=\"60\" srcset=\"https:\/\/www.elri.ch\/wp-content\/uploads\/eco1-300x300.png 300w, https:\/\/www.elri.ch\/wp-content\/uploads\/eco1-150x150.png 150w, https:\/\/www.elri.ch\/wp-content\/uploads\/eco1.png 500w\" sizes=\"auto, (max-width: 60px) 100vw, 60px\" \/> \u00a0 <img loading=\"lazy\" decoding=\"async\" class=\"alignnone wp-image-5717\" src=\"https:\/\/www.elri.ch\/wp-content\/uploads\/\/eco2-300x300.png\" alt=\"\" width=\"60\" height=\"60\" srcset=\"https:\/\/www.elri.ch\/wp-content\/uploads\/eco2-300x300.png 300w, https:\/\/www.elri.ch\/wp-content\/uploads\/eco2-150x150.png 150w, https:\/\/www.elri.ch\/wp-content\/uploads\/eco2.png 500w\" sizes=\"auto, (max-width: 60px) 100vw, 60px\" \/> \u00a0 <img loading=\"lazy\" decoding=\"async\" class=\"alignnone wp-image-5719\" src=\"https:\/\/www.elri.ch\/wp-content\/uploads\/\/ecobasis-300x300.png\" alt=\"\" width=\"60\" height=\"60\" srcset=\"https:\/\/www.elri.ch\/wp-content\/uploads\/ecobasis-300x300.png 300w, https:\/\/www.elri.ch\/wp-content\/uploads\/ecobasis-150x150.png 150w, https:\/\/www.elri.ch\/wp-content\/uploads\/ecobasis.png 500w\" sizes=\"auto, (max-width: 60px) 100vw, 60px\" \/><\/p>\n<p><strong>2016<\/strong><br \/>\nExtension des produits propres avec eluma\u00ae, le syst\u00e8me de surface sans halog\u00e8ne.<\/p>\n<p><strong>2012<br \/>\n<\/strong>50\u00e8me anniversaire d\u2019entreprise:<br \/>\nD\u00e9placement de la production PU des installations \u00e0 basse pression aux installations \u00e0 haute pression avec pr\u00e9paration centrale de la mati\u00e8re. \u00c9laboration avec succ\u00e8s du syst\u00e8me mousse dure PIR sans halog\u00e8nes dans le moulage.<br \/>\nExtension de la production: installation de d\u00e9coupe avec couteaux oscillants.<br \/>\nIntroduction de la gestion \u00e9lectronique des stocks.<br \/>\nPassage du chauffage \u00e0 mazout \u00e0 une pompe \u00e0 chaleur eau glycol\u00e9e\/eau.<\/p>\n<p><strong>2011<br \/>\n<\/strong>Changement de g\u00e9n\u00e9rations de Armin Reist aux successeurs J\u00f6rg Reist et Susanne Schobinger-Reist.<br \/>\nExtension de la production: fraiseuse pour pi\u00e8ces pr\u00e9form\u00e9es en PIR et laine de roche.<\/p>\n<p><strong>2010<br \/>\n<\/strong>Agrandissement de l\u2019exploitation par la construction de locaux de production suppl\u00e9mentaires et d\u2019un entrep\u00f4t \u00e0 hauts rayonnages mont\u00e9s sur des supports mobiles, avec plus de 1&rsquo;200 emplacements de palettes.<br \/>\nMise en service de la machine \u00e0 laminer pour coquilles d\u2019isolation de tuyau.<\/p>\n<p><img loading=\"lazy\" decoding=\"async\" class=\"alignnone size-medium wp-image-529\" src=\"https:\/\/www.elri.ch\/wp-content\/uploads\/\/6_Anbau_2010_1-300x198.jpg\" alt=\"6_Anbau_2010_1\" width=\"300\" height=\"198\" srcset=\"https:\/\/www.elri.ch\/wp-content\/uploads\/6_Anbau_2010_1-300x198.jpg 300w, https:\/\/www.elri.ch\/wp-content\/uploads\/6_Anbau_2010_1.jpg 392w\" sizes=\"auto, (max-width: 300px) 100vw, 300px\" \/> \u00a0\u00a0 <img loading=\"lazy\" decoding=\"async\" class=\"alignnone wp-image-5730 size-medium\" src=\"https:\/\/www.elri.ch\/wp-content\/uploads\/\/hochregallager-300x200.png\" alt=\"\" width=\"300\" height=\"200\" srcset=\"https:\/\/www.elri.ch\/wp-content\/uploads\/hochregallager-300x200.png 300w, https:\/\/www.elri.ch\/wp-content\/uploads\/hochregallager.png 500w\" sizes=\"auto, (max-width: 300px) 100vw, 300px\" \/><\/p>\n<p><strong>2008<br \/>\n<\/strong>Mise \u00e0 jour technologique de la production des coudes PVC avec la mise en service d\u2019une machine moderne \u00e0 emboutissage et d\u2019autres machines puissantes pour le soudage \u00e0 haute fr\u00e9quence.<\/p>\n<p><strong>2005<br \/>\n<\/strong>Fabrication de laine de roche en flocons issue de r\u00e9sidus de production. Tout r\u00e9sidu de tous les d\u00e9partements de production est d\u00e9sormais recycl\u00e9 \u00e0 100 %.<\/p>\n<p><img loading=\"lazy\" decoding=\"async\" class=\"alignnone wp-image-5726\" src=\"https:\/\/www.elri.ch\/wp-content\/uploads\/\/recycling-green-300x293.png\" alt=\"\" width=\"60\" height=\"59\" srcset=\"https:\/\/www.elri.ch\/wp-content\/uploads\/recycling-green-300x293.png 300w, https:\/\/www.elri.ch\/wp-content\/uploads\/recycling-green-150x150.png 150w, https:\/\/www.elri.ch\/wp-content\/uploads\/recycling-green.png 500w\" sizes=\"auto, (max-width: 60px) 100vw, 60px\" \/><\/p>\n<p><strong>2002<br \/>\n<\/strong>Sur\u00e9l\u00e9vation du b\u00e2timent de production et stockage existant.<br \/>\nPassage du rin\u00e7age au solvant au rin\u00e7age \u00e0 l\u2019eau pour la production PU.<\/p>\n<p><strong>2001<br \/>\n<\/strong>Extension de notre gamme commerciale par des produits d\u2019isolation PE.<\/p>\n<p><strong>1998<br \/>\n<\/strong>Acquisition des machines-outils \u00e0 commande num\u00e9rique de d\u00e9coupe de contours et entr\u00e9e en production de coquilles isolantes PIR et laine de roche.<\/p>\n<p><strong>1996<br \/>\n<\/strong>Agrandissement de l\u2019exploitation par la construction d\u2019un b\u00e2timent suppl\u00e9mentaire pour la production et le stockage.<br \/>\nChangement de la raison sociale de Elri-Plastic AG en Elri AG.<\/p>\n<p><img loading=\"lazy\" decoding=\"async\" class=\"alignnone size-medium wp-image-527\" src=\"https:\/\/www.elri.ch\/wp-content\/uploads\/\/5_Anbau_1996_1-300x185.jpg\" alt=\"5_Anbau_1996_1\" width=\"300\" height=\"185\" srcset=\"https:\/\/www.elri.ch\/wp-content\/uploads\/5_Anbau_1996_1-300x185.jpg 300w, https:\/\/www.elri.ch\/wp-content\/uploads\/5_Anbau_1996_1.jpg 420w\" sizes=\"auto, (max-width: 300px) 100vw, 300px\" \/><\/p>\n<p><strong>1991<br \/>\n<\/strong>Production PU sans agents d\u2019expansion CFC.<\/p>\n<p><strong>1989<br \/>\n<\/strong>Emm\u00e9nagement dans le nouveau b\u00e2timent situ\u00e9 dans la zone industrielle Est.<\/p>\n<p><img loading=\"lazy\" decoding=\"async\" class=\"alignnone size-medium wp-image-526\" src=\"https:\/\/www.elri.ch\/wp-content\/uploads\/\/4_Neubau_1989_3-300x185.jpg\" alt=\"4_Neubau_1989_3\" width=\"300\" height=\"185\" srcset=\"https:\/\/www.elri.ch\/wp-content\/uploads\/4_Neubau_1989_3-300x185.jpg 300w, https:\/\/www.elri.ch\/wp-content\/uploads\/4_Neubau_1989_3.jpg 420w\" sizes=\"auto, (max-width: 300px) 100vw, 300px\" \/><\/p>\n<p><strong>1974<br \/>\n<\/strong>Elri-Plastic AG d\u00e9m\u00e9nage \u00e0 Derendingen.<br \/>\nAgrandissement de l\u2019exploitation et concentration sur la production et la distribution des produits pour l\u2019isolation de tuyaux.<\/p>\n<p><img loading=\"lazy\" decoding=\"async\" class=\"alignnone size-medium wp-image-523\" src=\"https:\/\/www.elri.ch\/wp-content\/uploads\/\/3_Derendingen_1974_2-300x185.jpg\" alt=\"3_Derendingen_1974_2\" width=\"300\" height=\"185\" srcset=\"https:\/\/www.elri.ch\/wp-content\/uploads\/3_Derendingen_1974_2-300x185.jpg 300w, https:\/\/www.elri.ch\/wp-content\/uploads\/3_Derendingen_1974_2.jpg 420w\" sizes=\"auto, (max-width: 300px) 100vw, 300px\" \/><\/p>\n<p><strong>1973<br \/>\n<\/strong>Transformation en soci\u00e9t\u00e9 anonyme.<\/p>\n<p><strong>1968<br \/>\n<\/strong>D\u00e9m\u00e9nagement vers des locaux plus spacieux \u00e0 Langendorf.<br \/>\nD\u00e9but de la production de coudes en feuilles de mati\u00e8re plastique pour la protection des conduites isol\u00e9es.<\/p>\n<p><img loading=\"lazy\" decoding=\"async\" class=\"alignnone size-medium wp-image-521\" src=\"https:\/\/www.elri.ch\/wp-content\/uploads\/\/2_Langendorf_1968-185x300.jpg\" alt=\"2_Langendorf_1968\" width=\"185\" height=\"300\" srcset=\"https:\/\/www.elri.ch\/wp-content\/uploads\/2_Langendorf_1968-185x300.jpg 185w, https:\/\/www.elri.ch\/wp-content\/uploads\/2_Langendorf_1968.jpg 260w\" sizes=\"auto, (max-width: 185px) 100vw, 185px\" \/><\/p>\n<p><strong>1962<br \/>\n<\/strong>Fondation d\u2019Elri-Plastic en tant qu\u2019entreprise individuelle par Armin Reist \u00e0 Biberist.<\/p>\n<p><img loading=\"lazy\" decoding=\"async\" class=\"alignnone size-medium wp-image-520\" src=\"https:\/\/www.elri.ch\/wp-content\/uploads\/\/1_Biberist_1962-300x185.jpg\" alt=\"1_Biberist_1962\" width=\"300\" height=\"185\" srcset=\"https:\/\/www.elri.ch\/wp-content\/uploads\/1_Biberist_1962-300x185.jpg 300w, https:\/\/www.elri.ch\/wp-content\/uploads\/1_Biberist_1962.jpg 420w\" sizes=\"auto, (max-width: 300px) 100vw, 300px\" \/><\/p>\n<p>&nbsp;<\/p>\n","protected":false},"excerpt":{"rendered":"<p>Aujourd\u2019hui Avec ses plus de 50 collaborateurs, Elri AG fait partie des principaux producteurs et fournisseurs europ\u00e9ens de syst\u00e8mes d&rsquo;isolation de tuyaux. 2022 Elri AG peut f\u00eater ses 60 ans. 2021 Restructuration d&rsquo;Elri AG avec int\u00e9gration de [&hellip;]<\/p>\n","protected":false},"author":1,"featured_media":569,"parent":236,"menu_order":41,"comment_status":"closed","ping_status":"closed","template":"","meta":{"_acf_changed":false,"footnotes":""},"class_list":["post-259","page","type-page","status-publish","has-post-thumbnail","hentry"],"acf":[],"aioseo_notices":[],"_links":{"self":[{"href":"https:\/\/www.elri.ch\/fr\/wp-json\/wp\/v2\/pages\/259","targetHints":{"allow":["GET"]}}],"collection":[{"href":"https:\/\/www.elri.ch\/fr\/wp-json\/wp\/v2\/pages"}],"about":[{"href":"https:\/\/www.elri.ch\/fr\/wp-json\/wp\/v2\/types\/page"}],"author":[{"embeddable":true,"href":"https:\/\/www.elri.ch\/fr\/wp-json\/wp\/v2\/users\/1"}],"replies":[{"embeddable":true,"href":"https:\/\/www.elri.ch\/fr\/wp-json\/wp\/v2\/comments?post=259"}],"version-history":[{"count":19,"href":"https:\/\/www.elri.ch\/fr\/wp-json\/wp\/v2\/pages\/259\/revisions"}],"predecessor-version":[{"id":5945,"href":"https:\/\/www.elri.ch\/fr\/wp-json\/wp\/v2\/pages\/259\/revisions\/5945"}],"up":[{"embeddable":true,"href":"https:\/\/www.elri.ch\/fr\/wp-json\/wp\/v2\/pages\/236"}],"wp:featuredmedia":[{"embeddable":true,"href":"https:\/\/www.elri.ch\/fr\/wp-json\/wp\/v2\/media\/569"}],"wp:attachment":[{"href":"https:\/\/www.elri.ch\/fr\/wp-json\/wp\/v2\/media?parent=259"}],"curies":[{"name":"wp","href":"https:\/\/api.w.org\/{rel}","templated":true}]}}

<p><strong>Aujourd’hui<br />
</strong>Avec ses plus de 50 collaborateurs, Elri AG fait partie des principaux producteurs et fournisseurs européens de systèmes d&rsquo;isolation de tuyaux.</p>
<p><strong>2022<br />
</strong>Elri AG peut fêter ses 60 ans.</p>
<p><strong>2021<br />
</strong>Restructuration d&rsquo;Elri AG avec intégration de la troisième génération dans l&rsquo;entreprise.</p>
<p><strong>2019<br />
</strong>Outre la chaleur provenant de la nappe phréatique (pompe à chaleur sol-eau), le soleil fournit une grande partie de nos besoins énergétiques via une installation solaire de 1&rsquo;300 m2 pour une production durable.</p>
<p><a href="https://www.elri.ch/wp-content/uploads//20191119_Luftaufnahme_Anzeigebild-300x186.jpg" data-rel="lightbox-image-0" data-rl_title="" data-rl_caption="" title=""><img loading="lazy" decoding="async" class="size-medium wp-image-4580" src="https://www.elri.ch/wp-content/uploads//20191119_Luftaufnahme_Anzeigebild-300x186.jpg" alt="" width="300" height="186" srcset="https://www.elri.ch/wp-content/uploads/20191119_Luftaufnahme_Anzeigebild-300x186.jpg 300w, https://www.elri.ch/wp-content/uploads/20191119_Luftaufnahme_Anzeigebild.jpg 420w" sizes="auto, (max-width: 300px) 100vw, 300px" /></a></p>
<p><strong>2018</strong><br />
Acquisition d&rsquo;une installation de dépoussiérage pour les coquilles PIR. Désormais, nos coquilles PIR quittent la production pratiquement sans poussière.</p>
<p><strong>2017</strong><br />
Nos produits en PIR et PVC reçoivent le label de l&rsquo;association ecobau.</p>
<p><img loading="lazy" decoding="async" class="alignnone wp-image-5715" src="https://www.elri.ch/wp-content/uploads//eco1-300x300.png" alt="" width="60" height="60" srcset="https://www.elri.ch/wp-content/uploads/eco1-300x300.png 300w, https://www.elri.ch/wp-content/uploads/eco1-150x150.png 150w, https://www.elri.ch/wp-content/uploads/eco1.png 500w" sizes="auto, (max-width: 60px) 100vw, 60px" />   <img loading="lazy" decoding="async" class="alignnone wp-image-5717" src="https://www.elri.ch/wp-content/uploads//eco2-300x300.png" alt="" width="60" height="60" srcset="https://www.elri.ch/wp-content/uploads/eco2-300x300.png 300w, https://www.elri.ch/wp-content/uploads/eco2-150x150.png 150w, https://www.elri.ch/wp-content/uploads/eco2.png 500w" sizes="auto, (max-width: 60px) 100vw, 60px" />   <img loading="lazy" decoding="async" class="alignnone wp-image-5719" src="https://www.elri.ch/wp-content/uploads//ecobasis-300x300.png" alt="" width="60" height="60" srcset="https://www.elri.ch/wp-content/uploads/ecobasis-300x300.png 300w, https://www.elri.ch/wp-content/uploads/ecobasis-150x150.png 150w, https://www.elri.ch/wp-content/uploads/ecobasis.png 500w" sizes="auto, (max-width: 60px) 100vw, 60px" /></p>
<p><strong>2016</strong><br />
Extension des produits propres avec eluma®, le système de surface sans halogène.</p>
<p><strong>2012<br />
</strong>50ème anniversaire d’entreprise:<br />
Déplacement de la production PU des installations à basse pression aux installations à haute pression avec préparation centrale de la matière. Élaboration avec succès du système mousse dure PIR sans halogènes dans le moulage.<br />
Extension de la production: installation de découpe avec couteaux oscillants.<br />
Introduction de la gestion électronique des stocks.<br />
Passage du chauffage à mazout à une pompe à chaleur eau glycolée/eau.</p>
<p><strong>2011<br />
</strong>Changement de générations de Armin Reist aux successeurs Jörg Reist et Susanne Schobinger-Reist.<br />
Extension de la production: fraiseuse pour pièces préformées en PIR et laine de roche.</p>
<p><strong>2010<br />
</strong>Agrandissement de l’exploitation par la construction de locaux de production supplémentaires et d’un entrepôt à hauts rayonnages montés sur des supports mobiles, avec plus de 1&rsquo;200 emplacements de palettes.<br />
Mise en service de la machine à laminer pour coquilles d’isolation de tuyau.</p>
<p><img loading="lazy" decoding="async" class="alignnone size-medium wp-image-529" src="https://www.elri.ch/wp-content/uploads//6_Anbau_2010_1-300x198.jpg" alt="6_Anbau_2010_1" width="300" height="198" srcset="https://www.elri.ch/wp-content/uploads/6_Anbau_2010_1-300x198.jpg 300w, https://www.elri.ch/wp-content/uploads/6_Anbau_2010_1.jpg 392w" sizes="auto, (max-width: 300px) 100vw, 300px" />    <img loading="lazy" decoding="async" class="alignnone wp-image-5730 size-medium" src="https://www.elri.ch/wp-content/uploads//hochregallager-300x200.png" alt="" width="300" height="200" srcset="https://www.elri.ch/wp-content/uploads/hochregallager-300x200.png 300w, https://www.elri.ch/wp-content/uploads/hochregallager.png 500w" sizes="auto, (max-width: 300px) 100vw, 300px" /></p>
<p><strong>2008<br />
</strong>Mise à jour technologique de la production des coudes PVC avec la mise en service d’une machine moderne à emboutissage et d’autres machines puissantes pour le soudage à haute fréquence.</p>
<p><strong>2005<br />
</strong>Fabrication de laine de roche en flocons issue de résidus de production. Tout résidu de tous les départements de production est désormais recyclé à 100 %.</p>
<p><img loading="lazy" decoding="async" class="alignnone wp-image-5726" src="https://www.elri.ch/wp-content/uploads//recycling-green-300x293.png" alt="" width="60" height="59" srcset="https://www.elri.ch/wp-content/uploads/recycling-green-300x293.png 300w, https://www.elri.ch/wp-content/uploads/recycling-green-150x150.png 150w, https://www.elri.ch/wp-content/uploads/recycling-green.png 500w" sizes="auto, (max-width: 60px) 100vw, 60px" /></p>
<p><strong>2002<br />
</strong>Surélévation du bâtiment de production et stockage existant.<br />
Passage du rinçage au solvant au rinçage à l’eau pour la production PU.</p>
<p><strong>2001<br />
</strong>Extension de notre gamme commerciale par des produits d’isolation PE.</p>
<p><strong>1998<br />
</strong>Acquisition des machines-outils à commande numérique de découpe de contours et entrée en production de coquilles isolantes PIR et laine de roche.</p>
<p><strong>1996<br />
</strong>Agrandissement de l’exploitation par la construction d’un bâtiment supplémentaire pour la production et le stockage.<br />
Changement de la raison sociale de Elri-Plastic AG en Elri AG.</p>
<p><img loading="lazy" decoding="async" class="alignnone size-medium wp-image-527" src="https://www.elri.ch/wp-content/uploads//5_Anbau_1996_1-300x185.jpg" alt="5_Anbau_1996_1" width="300" height="185" srcset="https://www.elri.ch/wp-content/uploads/5_Anbau_1996_1-300x185.jpg 300w, https://www.elri.ch/wp-content/uploads/5_Anbau_1996_1.jpg 420w" sizes="auto, (max-width: 300px) 100vw, 300px" /></p>
<p><strong>1991<br />
</strong>Production PU sans agents d’expansion CFC.</p>
<p><strong>1989<br />
</strong>Emménagement dans le nouveau bâtiment situé dans la zone industrielle Est.</p>
<p><img loading="lazy" decoding="async" class="alignnone size-medium wp-image-526" src="https://www.elri.ch/wp-content/uploads//4_Neubau_1989_3-300x185.jpg" alt="4_Neubau_1989_3" width="300" height="185" srcset="https://www.elri.ch/wp-content/uploads/4_Neubau_1989_3-300x185.jpg 300w, https://www.elri.ch/wp-content/uploads/4_Neubau_1989_3.jpg 420w" sizes="auto, (max-width: 300px) 100vw, 300px" /></p>
<p><strong>1974<br />
</strong>Elri-Plastic AG déménage à Derendingen.<br />
Agrandissement de l’exploitation et concentration sur la production et la distribution des produits pour l’isolation de tuyaux.</p>
<p><img loading="lazy" decoding="async" class="alignnone size-medium wp-image-523" src="https://www.elri.ch/wp-content/uploads//3_Derendingen_1974_2-300x185.jpg" alt="3_Derendingen_1974_2" width="300" height="185" srcset="https://www.elri.ch/wp-content/uploads/3_Derendingen_1974_2-300x185.jpg 300w, https://www.elri.ch/wp-content/uploads/3_Derendingen_1974_2.jpg 420w" sizes="auto, (max-width: 300px) 100vw, 300px" /></p>
<p><strong>1973<br />
</strong>Transformation en société anonyme.</p>
<p><strong>1968<br />
</strong>Déménagement vers des locaux plus spacieux à Langendorf.<br />
Début de la production de coudes en feuilles de matière plastique pour la protection des conduites isolées.</p>
<p><img loading="lazy" decoding="async" class="alignnone size-medium wp-image-521" src="https://www.elri.ch/wp-content/uploads//2_Langendorf_1968-185x300.jpg" alt="2_Langendorf_1968" width="185" height="300" srcset="https://www.elri.ch/wp-content/uploads/2_Langendorf_1968-185x300.jpg 185w, https://www.elri.ch/wp-content/uploads/2_Langendorf_1968.jpg 260w" sizes="auto, (max-width: 185px) 100vw, 185px" /></p>
<p><strong>1962<br />
</strong>Fondation d’Elri-Plastic en tant qu’entreprise individuelle par Armin Reist à Biberist.</p>
<p><img loading="lazy" decoding="async" class="alignnone size-medium wp-image-520" src="https://www.elri.ch/wp-content/uploads//1_Biberist_1962-300x185.jpg" alt="1_Biberist_1962" width="300" height="185" srcset="https://www.elri.ch/wp-content/uploads/1_Biberist_1962-300x185.jpg 300w, https://www.elri.ch/wp-content/uploads/1_Biberist_1962.jpg 420w" sizes="auto, (max-width: 300px) 100vw, 300px" /></p>
<p>&nbsp;</p>

<p>Aujourd’hui Avec ses plus de 50 collaborateurs, Elri AG fait partie des principaux producteurs et fournisseurs européens de systèmes d&rsquo;isolation de tuyaux. 2022 Elri AG peut fêter ses 60 ans. 2021 Restructuration d&rsquo;Elri AG avec intégration de [&hellip;]</p>
